(-5656)/(-120) - (-4)/(-30). What is the highest common factor of a and 47?
47
Suppose -8*u - 4*u + 1440 = 0. Calculate the greatest common divisor of 48 and u.
24
Let l(s) = s**3 + 18*s**2 + 13*s - 30. Let b be l(-13). What is the highest common divisor of 17 and b?
17
Let g be (29856/27 - -1) + (-12)/(-54). Calculate the greatest common divisor of 27 and g.
27
Suppose -2 = 3*f + 1. Let a(r) = -4*r**3 + r**2 + 3*r + 1. Let v be a(f). Calculate the highest common divisor of v and 21.
3
Let l(g) = -17*g + 11. Let t(c) = -9*c + 6. Let b(s) = 3*l(s) - 5*t(s). Let k = 2 - 5. Let n be b(k). What is the highest common divisor of n and 84?
21
Let l = -7 - -4. Let c(h) = 6*h**2 + 3*h + 4. Let t be c(l). Let s(r) = r**2 - 4*r + 2. Let q be s(5). What is the greatest common factor of q and t?
7
Suppose 0 = -5*o + o - 4, 3*r - 2*o = -16. Let m(g) = 6*g**2 + 6*g + 7. Let q be m(r). Calculate the highest common divisor of 17 and q.
17
Let m(q) = 3*q + 1. Let x be m(1). Let w(p) = 2*p**2 - 13*p - 3*p**2 + 12 + 7*p**2 - 5*p**2. Let h be w(13). What is the highest common divisor of x and h?
4
Let j(a) = a**2 - a + 1. Let x be j(-3). Let u be (-20)/(-8)*16/10 + 113. What is the highest common divisor of x and u?
13
Let n(m) = 2*m**2 + 8*m + 10. Let p be n(-4). Suppose 24 = 4*q + 4*b, -3*q + 5*b - p = -4. Let r = 69 - 36. Calculate the greatest common factor of q and r.
3
Suppose 3*b = -3*c + 36, 5*b + 19 = -c + 75. Let v be 1 - 0 - 0/(-1). What is the greatest common factor of v and b?
1
Let w(g) = g**2 - 9*g - 6. Let c be w(10). Suppose m + 0*m - 5 = l, c*l - 12 = -4*m. Let d = m + 7. Calculate the highest common divisor of 77 and d.
11
Let k(y) = 41*y - 77*y + 47*y + 39. Let m be k(13). Calculate the greatest common divisor of 14 and m.
14
Let q be (726/5)/((-72)/(-180)). What is the greatest common factor of 99 and q?
33
Let u(z) = 15*z**2 + 2*z - 1. Let d be u(1). Suppose -2*y + 72 = d. Calculate the greatest common factor of 4 and y.
4
Let k be (20/12 - 2)*12. Let m be 1 + (1 - (k + 0)). Calculate the greatest common divisor of m and 66.
6
Let y(a) be the first derivative of -a**2 - 12*a + 3. Suppose -3 = -o - 13. Let n be y(o). What is the highest common divisor of n and 72?
8
Let u(k) = -41*k + 1. Suppose -y + 3*h = -11, 3*h + 19 = -5*y + 2. Let s be u(y). What is the highest common divisor of 84 and s?
42
Let a be (-1 + 3 - 1)*-35. Let b = a + 65. Suppose r = 42 + b. What is the highest common divisor of 9 and r?
9
Suppose -2016 = -3*f - 8*l + 5*l, 4*f - 2*l = 2688. What is the highest common factor of 140 and f?
28
Let v be 18/((-14)/(-21)*1). Suppose 0 = 5*k + 3 + 7, 23 = 5*s - 4*k. Suppose s*p = -0*p + v. Calculate the greatest common divisor of 3 and p.
3
Let h(j) = 24*j**2 - 4*j - 7. Let w be h(-3). Calculate the highest common factor of w and 13.
13
Let f(s) = -8*s + 72. Suppose 9*t - 6*t = 0. Let w be f(t). What is the greatest common divisor of w and 18?
18
Let g be (-1 + -2)/(33/(-242)). Calculate the greatest common divisor of g and 330.
22
Suppose 1707 = 20*g - 2493. What is the highest common divisor of g and 110?
10
Suppose 5*y - 43 - 66 = -4*f, -3*y - 75 = -3*f. Calculate the greatest common factor of 1066 and f.
26
Suppose 9*c - 12*c - 9 = 0, -4*w + 339 = -c. What is the greatest common divisor of w and 56?
28
Let u(v) = 26*v**3 - v - 1. Let l be u(-1). Let g = l - -21. Let r be (g*9)/((-4)/12). What is the highest common factor of 15 and r?
15
Suppose 5*y + 2*o - 9 = 0, 2*o + 2*o = y - 15. Suppose -y*i + 3*k = 2*i - 35, -i - k - 1 = 0. Calculate the highest common divisor of 10 and i.
2
Suppose 58 + 4 = r - h, 0 = 3*r + 2*h - 196. Calculate the highest common factor of r and 256.
64
Suppose 3*x = -5*l + 8, 5*l - 32 = 5*x + 2*l. Let u be (6/x)/((-3)/(-120)). Let m be (2/(-5))/(3/u). What is the greatest common factor of m and 1?
1
Let c(g) = 4*g + 112. Let z be c(-27). Calculate the greatest common divisor of 172 and z.
4
Let s(r) = 4*r**2 - 10*r + 16. Let c be s(6). Suppose c = 6*v - 2*v. Calculate the greatest common factor of 75 and v.
25
Let o(f) = -4*f**2 - 2*f**2 + 9 - 9*f**2 + 16*f**2 + f. Let v be o(-7). What is the highest common factor of 34 and v?
17
Let k = -724 - -948. Calculate the highest common factor of k and 192.
32
Suppose 0 = -90*b + 15921 + 5139. Calculate the highest common divisor of 598 and b.
26
Let c = 7 - 6. Let h be 2 + c/(-1) - -14. Let j be 2/3*81/18. Calculate the highest common divisor of j and h.
3
Let w(u) = 117*u - 9. Let h be w(5). Suppose -5*a = -a - h. Suppose 2*p = 4*p - a. Calculate the greatest common divisor of p and 9.
9
Let a be 2 + 0 - (-23 - -2). Let d = 30 - a. Let n(j) = j**3 + 7*j**2 - 1. Let y be n(-6). Calculate the highest common factor of d and y.
7
Let u(q) = -180*q + 166. Let f be u(-7). Calculate the greatest common factor of 46 and f.
46
Let w(o) = 2*o**2 + o - 3. Let l be w(-4). Let i be (115/l - 4)*55. Calculate the highest common divisor of i and 3.
3
Suppose -4*l = -1 - 7. Suppose -3*d - q + l*q - 5 = 0, d + 25 = 5*q. Suppose 3*z - 5*z + 168 = d. What is the highest common divisor of z and 12?
12
Let p be 8/76 - (-5439)/133. Calculate the highest common factor of p and 574.
41
Suppose 0 = -8*p + 3*p - i + 1310, 2*p - 2*i = 536. Let c be (-68)/6 + (-4)/6. Let t be c + 13 - (0 - p). What is the greatest common factor of 33 and t?
33
Suppose 1560 = 4*b - 5*t, 5*b + 2*t + 787 = 2704. What is the greatest common factor of b and 35?
35
Suppose -2807*j = -2799*j - 2640. What is the greatest common factor of j and 110?
110
Let c be -1*(-1 + 0 + 0). Let t be (-3)/(-2)*(-18)/(-27). Calculate the greatest common divisor of c and t.
1
Suppose 0 = c - 3*z + 2, 3*z - 2*z = 2*c - 16. Suppose 5*t - 2*h - 19 = -3*h, -3*t = 3*h - 9. Calculate the greatest common factor of c and t.
2
Let y(g) = g**3 - 3*g**2 + g - 3. Let d be y(3). Let w be -2 - (-2 - d) - -33. What is the greatest common factor of 3 and w?
3
Suppose 10143 = -346*a + 355*a. What is the greatest common divisor of 23 and a?
23
Let d = 1068 + -1066. Calculate the greatest common divisor of 2 and d.
2
Let u(p) = p**2 - 3*p + 4. Let d be u(2). Suppose -3*c + 2 = -5*l + 6, -d*l + c + 2 = 0. Calculate the highest common factor of l and 6.
2
Let s = 13 + -7. Suppose -2*m = -s*m. Suppose -p + m + 8 = -2*n, 5*p - 40 = -n. What is the highest common factor of p and 2?
2
Suppose 2*p - 24 = n - 2*p, -n - 2*p = -6. Let z be n/(-18) + (-4 - 2870/(-45)). Calculate the greatest common factor of z and 12.
12
Let p be (-21*(-15)/(-90))/(1/(-78)). Calculate the highest common divisor of 21 and p.
21
Let l = 34 + -32. Suppose -3*w - 4*h + 8 = -8*w, -4 = 4*w - l*h. Let y = 15 + w. Calculate the greatest common divisor of y and 105.
15
Suppose 3*h = -41*z + 42*z + 297, -4*z = -2*h + 188. Calculate the greatest common divisor of h and 8.
4
Let l = 297 + -172. Let p = 26 + -1. What is the greatest common factor of l and p?
25
Let j = 567 - 393. What is the highest common divisor of 464 and j?
58
Let p(i) = -14*i - 3. Suppose 14*g + 48 = -36. Let k be p(g). Calculate the greatest common divisor of k and 27.
27
Suppose 4*i - 8 = 0, -3*u - 3*i = -0*i - 96. Calculate the highest common factor of u and 60.
30
Suppose -14*g + 196 + 364 = 0. Let c(n) = -n**3 - 15*n**2 + 32*n - 24. Let a be c(-17). Calculate the greatest common factor of a and g.
10
Let y be 4/5*15/6. Suppose 8 = 2*z - y. Let p be (0 + 1)*(3 - 88/(-4)). What is the greatest common divisor of z and p?
5
Let m be (-18)/(-4)*(-588)/(-18). Suppose 5*w = m + 218. Suppose y = 2*y + p - w, 4*y - 3*p = 299. What is the greatest common factor of 37 and y?
37
Suppose 0 = -27*a + 2764 + 3959. Calculate the greatest common factor of 166 and a.
83
Suppose t - 37 = -z + 3*z, 5*z + 46 = t. Calculate the highest common factor of 217 and t.
31
Let c(a) = 4*a - 7. Let g be c(3). Let r(t) = 7*t + 5. Let b be r(g). Suppose 0*m + 4*m = 40. Calculate the highest common factor of m and b.
10
Let f(t) = t + 19. Let y be f(-18). Let o be 5/(1/y + 15/(-18)). Calculate the greatest common divisor of o and 45.
15
Let n(v) = -2*v + 58. Let t(f) = -2*f - 1. Let y be t(-6). Let p be n(y). Calculate the greatest common factor of p and 54.
18
Let t be 11*((-2 - -4) + -1). Let x = -50 + 72. Suppose -10*z = -8*z - x. Calcula